 66.
66
What is the greatest common factor of 20 and 52?
4
What is the greatest common divisor of 2814 and 12?
6
Calculate the highest common divisor of 4 and 12.
4
What is the highest common divisor of 60 and 2380?
20
What is the greatest common divisor of 45 and 60?
15
Calculate the greatest common factor of 432 and 128.
16
Calculate the greatest common factor of 1500 and 228.
12
What is the highest common factor of 203 and 667?
29
Calculate the highest common divisor of 2172 and 60.
12
What is the highest common factor of 15 and 738?
3
What is the greatest common divisor of 1035 and 1350?
45
What is the greatest common factor of 102 and 18258?
102
What is the highest common factor of 5 and 95?
5
Calculate the highest common divisor of 204 and 12.
12
Calculate the highest common factor of 5941 and 26.
13
Calculate the greatest common factor of 2064 and 144.
48
What is the highest common factor of 9 and 33?
3
What is the highest common factor of 155 and 21235?
155
Calculate the greatest common divisor of 427 and 14.
7
What is the greatest common divisor of 604 and 1661?
151
What is the highest common divisor of 2576 and 63?
7
Calculate the greatest common factor of 781 and 142.
71
What is the greatest common divisor of 140 and 112?
28
What is the highest common factor of 24 and 1704?
24
Calculate the highest common factor of 437 and 23.
23
What is the highest common divisor of 26 and 2106?
26
Calculate the highest common factor of 316 and 79.
79
Calculate the highest common factor of 166 and 1411.
83
What is the greatest common factor of 24 and 2436?
12
What is the highest common divisor of 161 and 1311?
23
Calculate the highest common factor of 14196 and 28.
28
Calculate the greatest common divisor of 469 and 201.
67
Calculate the highest common divisor of 848 and 224.
16
What is the highest common divisor of 165 and 585?
15
What is the greatest common divisor of 117 and 1719?
9
What is the greatest common divisor of 44 and 506?
22
What is the highest common factor of 119 and 272?
17
Calculate the greatest common divisor of 9401 and 7.
7
Calculate the highest common divisor of 78 and 52.
26
What is the highest common factor of 64317 and 33?
33
What is the highest common factor of 11 and 88?
11
What is the greatest common divisor of 245 and 385?
35
What is the highest common divisor of 22 and 110?
22
Calculate the greatest common factor of 56 and 8.
8
What is the highest common factor of 10 and 625?
5
What is the highest common divisor of 50 and 220?
10
What is the greatest common factor of 114 and 4788?
114
Calculate the highest common factor of 1209 and 585.
39
What is the highest common factor of 12 and 204?
12
Calculate the highest common factor of 2 and 18.
2
Calculate the greatest common factor of 31 and 744.
31
Calculate the greatest common divisor of 266 and 28.
14
Calculate the greatest common divisor of 18232 and 2332.
212
Calculate the greatest common divisor of 3249 and 18.
9
Calculate the highest common factor of 32 and 4.
4
What is the greatest common factor of 2 and 34?
2
Calculate the highest common divisor of 718 and 8.
2
Calculate the highest common factor of 18 and 981.
9
What is the greatest common factor of 567 and 63?
63
What is the highest common divisor of 238 and 70?
14
What is the highest common factor of 2401 and 49?
49
What is the greatest common factor of 1256 and 376?
8
What is the greatest common factor of 780 and 24?
12
Calculate the greatest common factor of 144 and 64.
16
What is the greatest common factor of 1200 and 500?
100
Calculate the greatest common divisor of 45 and 2205.
45
What is the greatest common divisor of 37 and 47989?
37
Calculate the highest common factor of 284 and 22.
2
What is the highest common divisor of 40 and 80?
40
What is the highest common divisor of 738 and 1845?
369
What is the greatest common divisor of 858 and 264?
66
What is the highest common divisor of 2009 and 98?
49
Calculate the greatest common factor of 9 and 36.
9
What is the greatest common factor of 56 and 791?
7
Calculate the highest common factor of 11 and 88.
11
Calculate the highest common divisor of 36 and 10404.
36
Calculate the highest common divisor of 7 and 581.
7
What is the highest common divisor of 18 and 40626?
18
Calculate the highest common divisor of 256 and 104.
8
Calculate the greatest common factor of 12 and 13476.
12
Calculate the greatest common factor of 39 and 26.
13
What is the highest common factor of 510 and 600?
30
What is the highest common divisor of 249 and 83?
83
Calculate the greatest common divisor of 28301 and 91.
91
Calculate the highest common divisor of 3 and 3711.
3
Calculate the greatest common factor of 1220 and 60.
20
Calculate the highest common factor of 42 and 4494.
42
Calculate the highest common factor of 16 and 14.
2
What is the highest common divisor of 300 and 96?
12
What is the greatest common factor of 15 and 6315?
15
Calculate the greatest common factor of 910 and 832.
26
Calculate the greatest common divisor of 2079 and 1001.
77
Calculate the greatest common factor of 5589 and 23.
23
What is the highest common factor of 4886 and 14?
14
Calculate the greatest common divisor of 50 and 725.
25
What is the greatest common divisor of 148 and 20?
4
What is the greatest common factor of 112 and 144?
16
Calculate the highest common factor of 636 and 12.
12
What is the highest common divisor of 10717 and 28?
7
Calculate the highest common divisor of 184 and 1955.
23
What is the highest common divisor of 16 and 3184?
16
What is the greatest common factor of 13 and 5837?
13
What is the greatest common divisor of 6 and 218?
2
What is the highest common divisor of 1271 and 155?
31
Calculate the greatest common factor of 21488 and 204.
68
Calculate the highest common factor of 32 and 1184.
32
Calculate the highest common divisor of 12728 and 602.
86
What is the highest common divisor of 75 and 1815?
15
Calculate the greatest common divisor of 1792 and 112.
112
What is the greatest common factor of 272 and 48?
16
What is the highest common factor of 118536 and 264?
264
Calculate the highest common factor of 48 and 256.
16
What is the highest common divisor of 208 and 78?
26
What is the greatest common factor of 10298 and 38?
38
Calculate the greatest common divisor of 153 and 102.
51
Calculate the highest common divisor of 665 and 19.
19
What is the highest common divisor of 10 and 22430?
10
Calculate the greatest common divisor of 328 and 1804.
164
Calculate the greatest common factor of 16 and 48.
16
Calculate the highest common factor of 405 and 27.
27
What is the highest common divisor of 12 and 159?
3
What is the greatest common factor of 120 and 645?
15
Calculate the highest common divisor of 34 and 22.
2
What is the greatest common factor of 629 and 74?
37
Calculate the highest common factor of 9614 and 152.
38
Calculate the greatest common factor of 45 and 195.
15
Calculate the highest common divisor of 56 and 1652.
28
Calculate the highest common divisor of 82 and 41.
41
What is the highest common divisor of 46 and 506?
46
What is the highest common factor of 1048 and 24?
8
Calculate the highest common divisor of 32 and 104.
8
Calculate the greatest common factor of 20 and 640.
20
What is the highest common factor of 405 and 108?
27
Calculate the greatest common factor of 15 and 480.
15
What is the highest common divisor of 60 and 140?
20
What is the greatest common divisor of 2310 and 14?
14
What is the highest common divisor of 21489 and 26?
13
What is the greatest common divisor of 987 and 357?
21
Calculate the greatest common divisor of 943 and 533.
41
Calculate the highest common divisor of 8 and 28.
4
What is the greatest common divisor of 365 and 3212?
73
Calculate the greatest common divisor of 26 and 10400.
26
What is the highest common factor of 74243 and 13?
13
What is the greatest common factor of 60 and 12885?
15
Calculate the highest common divisor of 7 and 17.
1
Calculate the highest common divisor of 4343 and 215.
43
Calculate the greatest common divisor of 2 and 106.
2
What is the highest common divisor of 1092 and 780?
156
Calculate the highest common divisor of 141 and 5311.
47
What is the highest common factor of 3290 and 14?
14
Calculate the high